What are the prime factors of t(12)?
2, 3
Let l(f) = 4*f - f - 3 + 1. Let v be l(3). Suppose -v*o + 56 = -3*o. List the prime factors of o.
2, 7
Let l(x) = 21*x**3 - 5*x**2 + 2*x - 4. List the prime factors of l(3).
2, 131
Let b be (-20)/30 + 10/(-3). What are the prime factors of ((-207)/(-12))/((-1)/b)?
3, 23
Let g(v) = -9*v - 35. Let a(w) = 4*w + 17. Let x(d) = -5*a(d) - 2*g(d). Let l be x(-9). What are the prime factors of 55 + (-3 - (-5 + l))?
2, 3
Suppose -5*j + 5 = 5*z, -4*j + 0*z = -5*z - 13. Suppose -3*r - 4*b + 2 + 3 = 0, 0 = -5*r + 3*b + 47. Suppose -j*o - 80 = -r*o. List the prime factors of o.
2
Let i be (-6)/2 - -10 - (20 - 2). Let m = 25 + -6. Let l = m + i. List the prime factors of l.
2
Suppose -6*f = -0 - 0. Suppose f = 8*t + t - 1404. List the prime factors of t.
2, 3, 13
Let s(a) = -6*a - 45 + 31 + a. List the prime factors of s(-12).
2, 23
Let s(n) = -781*n + 106. List the prime factors of s(-2).
2, 3, 139
Let z(i) = i**2 + 4*i + 1. Let m be z(-3). Let j be 1/(m/6) - 8. Let q = j - -26. List the prime factors of q.
3, 5
Let q = -137 + 275. Let s = q + -77. What are the prime factors of s?
61
Let k(i) = -i**2 + 2*i - 3. Let o be k(-6). Let h(n) = -9*n**2 - 4*n + 14. Let w be h(3). Let r = o - w. List the prime factors of r.
2, 7
List the prime factors of 29 + -29 + 1*184.
2, 23
Let w be ((-10)/(-35))/((-1)/(-7)). Suppose -w*a = 15 - 25. Suppose -a*s + 0*z + 75 = 5*z, 87 = 5*s - z. List the prime factors of s.
17
Let r = 52 - 53. What are the prime factors of r*(464/(-10) + 12/(-20))?
47
Suppose 0 = 3*u - 5*g - 2894, 14*u - 3*g + 960 = 15*u. List the prime factors of u.
3, 107
Let m = 2207 - 1516. List the prime factors of m.
691
Let o(z) = 51*z**2 - z - 4. Let h(b) = b**2 + 1. Let y(g) = 3*h(g) + o(g). What are the prime factors of y(-1)?
2, 3
Suppose 2*o = -2150 + 5842. List the prime factors of o.
2, 13, 71
Suppose 0 = c - 77 + 25. Let w = -19 + c. What are the prime factors of w?
3, 11
Let c = -1113 + 1620. Suppose -3*h - v + c = 2*v, h - 2*v - 172 = 0. What are the prime factors of h?
2, 5, 17
Let y(c) = -14*c**2 - 13*c - 3. Let b be y(-5). What are the prime factors of ((-11)/((-110)/b))/((-3)/20)?
2, 3
Suppose 0 = 2*s - 41 - 65. What are the prime factors of s?
53
Let h = -4 + 19. Suppose 3*m + 2*m = h. Suppose -y - y = -2*g - 64, -m*g = y - 28. List the prime factors of y.
31
Suppose 0 = -4*f - f + 250. Let o = f + -13. List the prime factors of o.
37
Suppose 0 = -3*y + 1278 + 711. What are the prime factors of y?
3, 13, 17
Let v = 2 + 1. Suppose -v*s = -11*s + 56. List the prime factors of s.
7
Let z be 46/11 + 2/(-11). Let l = z - -9. What are the prime factors of l?
13
Let h(q) = -2*q**2 + 6*q - 2. Let v be h(5). Let k = 25 + v. Let p(r) = 6*r**2 + r - 7. What are the prime factors of p(k)?
2, 5
Suppose -5*z = -0*z. Suppose k - 64 = -z*k. Suppose -h = 3*h - k. What are the prime factors of h?
2
Let d = -10 + 7. Let y = 6 + d. Suppose y*i + 25 = 4*i. What are the prime factors of i?
5
Let f(w) = -133*w**2 - w - 1. Let l be f(-1). Let o = l - -174. List the prime factors of o.
41
Let w be 3/(-6) - 2*(-15)/(-12). List the prime factors of (-3)/(6/(-122)) + w + 1.
59
Let o(k) = k**3 - 8*k**2 - 4*k - 13. Let g be o(9). Suppose 5*f + 43 = -g. List the prime factors of 3246/45 - (-2)/f.
2, 3
Let q = -160 + 1087. What are the prime factors of q?
3, 103
List the prime factors of -4 + 3/(12/32).
2
Let t = 198 + -15. List the prime factors of t.
3, 61
Let g(x) = 88*x**2 - 12*x + 53. What are the prime factors of g(4)?
3, 157
Suppose 0 = -3*q - 4*m + 50, 4*q - 13 = m + 22. What are the prime factors of 678/8 + q/40?
5, 17
Let m(n) = -n**3 - 4*n**2 + n + 2. Let s be m(-3). Suppose 2*h + 5*o + 0 - 58 = 0, 0 = 2*h - 4*o - 22. Let u = s + h. What are the prime factors of u?
3
Let b = 1 - -2. Suppose 5*d = -b*s + 44 - 10, 0 = -3*d - 4*s + 27. Suppose d*a - 10 = -2*o, -3*o + 0*a = -4*a - 15. List the prime factors of o.
5
Let g(p) = p**3 + 2*p**2 - 4*p - 2. Let s be g(-2). Suppose s*u - 30 = -0*u. What are the prime factors of u?
5
Suppose v - 2146 = -4*u, 5*u = v - 0*v + 2678. What are the prime factors of u?
2, 67
Let p = -823 - -1183. Suppose 0 = 9*d - p - 1188. What are the prime factors of d?
2, 43
Let u = 45 + 452. What are the prime factors of u?
7, 71
Suppose -8901 = -28*n + 26*n + 3*d, 3*n - 13394 = -4*d. List the prime factors of n.
2, 3, 743
Suppose -9*g - 223 = -6775. List the prime factors of g.
2, 7, 13
Suppose 65 = 17*w - 4*w. Let p(d) = -d**3 + 6*d**2 + 4*d + 3. What are the prime factors of p(w)?
2, 3
Let b(z) = 7 - 6 + 3*z + 3 + 2*z**2. Let p be b(3). Suppose -p = -i - 26. What are the prime factors of i?
5
Suppose 6*t - 3672 + 1146 = 0. What are the prime factors of t?
421
Let d = -106 + 126. List the prime factors of -5 + 2 - -10*d.
197
Let w(p) = p**3 + 6*p**2 + 4. Let t be w(-6). Let l(f) = f**3 - 3*f**2 - f - 2. Let v be l(4). Suppose -t*g + v = -2. What are the prime factors of g?
3
Let o(u) = -25*u - 449. List the prime factors of o(-42).
601
List the prime factors of 4353/18 - 18/(-108).
2, 11
Let s(r) = 10*r + 4. Suppose 21 = 4*u + 1. What are the prime factors of s(u)?
2, 3
Let v(l) = 19*l**2 + 7*l + 4. List the prime factors of v(-4).
2, 5, 7
Let q(b) = -993*b + 113. List the prime factors of q(-3).
2, 773
Suppose -3*d - 4*w = -320, -3*d + 2*w - 420 = -7*d. List the prime factors of d.
2, 13
What are the prime factors of 1080/(-150)*((-797)/2 + 1)?
2, 3, 53
Suppose -w - 48 - 41 = 0. Let g = 63 + w. Let y = 8 - g. List the prime factors of y.
2, 17
Let y = -7 + 10. Suppose -q + 3 = -n, -5*q = 5*n - 0*q - 35. Suppose 4*j - 99 = -5*d, -d + n*j + y = -14. What are the prime factors of d?
19
Suppose 22*v + 553 = 25*v + a, v - 2*a = 196. What are the prime factors of v?
2, 3, 31
Let v(p) = -p**3 + 4*p**2 + p + 1482. List the prime factors of v(0).
2, 3, 13, 19
Let m = -110 + 732. What are the prime factors of m?
2, 311
Let p = -173 + 179. List the prime factors of p.
2, 3
List the prime factors of ((-92)/(-3))/(((-32)/(-552))/2).
2, 23
Let h be (-14)/(-10) - 12/(-20). Suppose -h*l + 3*l = -6. Let s(o) = -6*o - 14. List the prime factors of s(l).
2, 11
Let i = -7 + -3. Suppose 0 = f - 6*f, 5*s - 3*f - 125 = 0. What are the prime factors of 435/s + 4/i?
17
Let q = -38 - -55. Let b = -65 + q. What are the prime factors of (-68)/(-6) - 32/b?
2, 3
Let q(c) be the first derivative of 4*c**3/3 + c**2 + 11*c + 25. What are the prime factors of q(8)?
283
Let o(y) = -5*y - 41. Let r be o(-9). Suppose r*w - 1044 = -2*w. List the prime factors of w.
2, 3, 29
Let l(i) = -4*i**2 + 3*i**2 + 19*i + 2*i**2 - 26*i. Let j be l(10). Let s = 52 - j. What are the prime factors of s?
2, 11
Let y(a) = a**2 - 2*a + 7. Let f be y(13). Let h = 40 + f. List the prime factors of h.
2, 5, 19
Suppose x + 3*o - 905 = -4*x, -3*o = 0. Let y = x - 89. List the prime factors of y.
2, 23
Let v(x) = x + 2 + 8 + 5 - 3. Let b be v(-12). What are the prime factors of -1 - b - -42 - 2?
3, 13
Suppose d + 40 - 47 = 0. Let h(k) = k**2 + 3*k - 11. What are the prime factors of h(d)?
59
Let v = 129 + -82. Suppose v + 85 = z. What are the prime factors of z?
2, 3, 11
Suppose 3*n + 5*a = 7288, 32*a - 5 = 37*a. What are the prime factors of n?
11, 13, 17
Let s(z) = z**2 - 12*z - 6. Let y(x) = -2*x**2 + 25*x + 13. Let a(b) = -13*s(b) - 6*y(b). Let v = 42 + -39. What are the prime factors of a(v)?
3
Let j(a) = -7*a - 7. Let m be j(-3). Let b = 48 - m. List the prime factors of b.
2, 17
Let i(y) = -y**3 - 5*y**2 - 4*y. Let b be i(-4). List the prime factors of ((-422)/6 + b)*-3.
211
Let n(z) be the second derivative of z + 0 + z**4 - 3*z**2 - 1/3*z**3 + 1/20*z**5. What are the prime factors of n(-12)?
2, 3
Let y = -298 - -476. List the prime factors of y.
2, 89
Suppose -4*g + 12 = 4*r, -3*g - 2 = 2*r - 7. Suppose 0 = 3*k - 5*c + 32, -4*k - r*c + 9 = 73. Let w(f) = -3*f - 19. List the prime factors of w(k).
23
Let n be ((-48)/32)/(2/(-4)). Suppose -n*a = 15, -4*t + 4*a = -0*a - 180. List the prime factors of t.
2, 5
Suppose 5*u - 26 = -4*i, 5*u + 50 = 5*i - 5. Let t(q) = 6*q - 7. List the prime factors of t(i).
47
Suppose -2*q + 3*p = -85, -3*p - 208 = 3*q - 8*q. What are the prime factors of q?
41
Let l(s) be the first derivative of s**3/3 - 5*s**2/2 - 4*s